{"id":487,"date":"2017-09-02T09:52:44","date_gmt":"2017-09-02T07:52:44","guid":{"rendered":"http:\/\/oc-cesson-volley.com\/?page_id=487"},"modified":"2025-10-08T12:01:14","modified_gmt":"2025-10-08T10:01:14","slug":"inscriptions","status":"publish","type":"page","link":"http:\/\/oc-cesson-volley.com\/?page_id=487","title":{"rendered":"Inscriptions"},"content":{"rendered":"\n<p>Les inscriptions et r\u00e9-inscriptions pour la saison 2025-2026 sont ouvertes !<\/p>\n\n\n\n<h2 class=\"wp-block-heading\">Comment nous rejoindre ?<\/h2>\n\n\n\n<p><strong>Pour les joueurs en comp\u00e9tition<\/strong>: inscription au niveau de l&rsquo;entente VBCCV: <a href=\"https:\/\/www.vbccv.com\/inscriptions\">https:\/\/www.vbccv.com\/inscriptions<\/a> <\/p>\n\n\n\n<p><strong>Pour les joueurs d\u00e9tentes<\/strong>: rendez-vous sur <a href=\"http:\/\/my.ffvolley.org\">my.ffvolley.org<\/a> (pour les mineurs, les parents doivent cr\u00e9er un profil et ajouter un enfant). Documents \u00e0 fournir:<\/p>\n\n\n\n<ul class=\"wp-block-list\">\n<li>La pi\u00e8ce d\u2019identit\u00e9 recto verso scann\u00e9e pour la premi\u00e8re licence<\/li>\n\n\n\n<li>Un formulaire de demande de licence<\/li>\n\n\n\n<li>Une photo sous forme num\u00e9ris\u00e9e sur fond uniforme<\/li>\n\n\n\n<li>Une Fiche de renseignement pour les mineurs<\/li>\n\n\n\n<li>Un certificat m\u00e9dical d\u2019aptitude \u00e0 la pratique du volley-ball rempli directement sur la demande de licence en fonction des r\u00e9ponses au questionnaire de sant\u00e9 pour les mineurs et pour les majeurs. Pour les jeunes en comp\u00e9tition, certificat m\u00e9dical de surclassement n\u00e9cessaire<\/li>\n\n\n\n<li>Le r\u00e8glement de la cotisation directement via ch\u00e8que (\u00e0 l\u2019ordre de <em>OC Cesson Volley<\/em>) ou ch\u00e8ques vacances, esp\u00e8ces ou virement.<\/li>\n<\/ul>\n\n\n\n<p><strong>Note: <\/strong><br>&#8211; Nous ne prendrons que les dossiers complets pour les inscriptions.<br>&#8211; Il est possible de faire deux s\u00e9ances d\u2019essais jusqu\u2019\u00e0 la fin du mois de septembre.<br>&#8211; A compter du 1er octobre 2025, les personnes n\u2019\u00e9tant pas \u00e0 jour de leur adh\u00e9sion ne pourront plus participer aux entrainements.<\/p>\n\n\n\n<h2 class=\"wp-block-heading\">Cotisation<\/h2>\n\n\n\n<ul class=\"wp-block-list\">\n<li>Comp\u00e9titions: Cf <a href=\"https:\/\/www.vbccv.com\/inscriptions\">https:\/\/www.vbccv.com\/inscriptions<\/a><\/li>\n\n\n\n<li>D\u00e9tentes: 130\u20ac avec matchs, 75\u20ac sans matchs<\/li>\n<\/ul>\n\n\n\n<h2 class=\"wp-block-heading\">Don<\/h2>\n\n\n\n<p>Vous pouvez \u00e9galement faire un don au club lors du r\u00e8glement de votre cotisation.<\/p>\n\n\n\n<hr class=\"wp-block-separator has-alpha-channel-opacity\"\/>\n\n\n\n<p><strong>Note:<\/strong><\/p>\n\n\n\n<ul class=\"wp-block-list\">\n<li>un certificat m\u00e9dical n&rsquo;est&nbsp;valable qu&rsquo;un an dans les cas suivants:\n<ul class=\"wp-block-list\">\n<li>&nbsp;simple surclassement<\/li>\n\n\n\n<li>si au moins une r\u00e9ponse n\u00e9gative au Questionnaire de Sant\u00e9<\/li>\n<\/ul>\n<\/li>\n\n\n\n<li>dans les autres cas, un certificat m\u00e9dical est valable 3 ans<\/li>\n<\/ul>\n\n\n\n<h2 class=\"wp-block-heading\">Documents<\/h2>\n\n\n\n<div class=\"wp-block-file\"><a id=\"wp-block-file--media-5169ec7b-2b32-4e9d-ace7-ace4df708e17\" href=\"https:\/\/oc-cesson-volley.com\/wp-content\/uploads\/2025\/07\/Formulaire_demande_licences_2025_2026.pdf\">Formulaire_demande_licences_2025_2026<\/a><a href=\"https:\/\/oc-cesson-volley.com\/wp-content\/uploads\/2025\/07\/Formulaire_demande_licences_2025_2026.pdf\" class=\"wp-block-file__button wp-element-button\" download aria-describedby=\"wp-block-file--media-5169ec7b-2b32-4e9d-ace7-ace4df708e17\">T\u00e9l\u00e9charger<\/a><\/div>\n\n\n\n<div class=\"wp-block-file\"><a id=\"wp-block-file--media-ea66ed65-a7ff-4e2b-a996-31d261f756b8\" href=\"https:\/\/oc-cesson-volley.com\/wp-content\/uploads\/2025\/07\/Chartre-Joueur-Parent.pdf\">Chartre Joueur &#8211; Parent<\/a><a href=\"https:\/\/oc-cesson-volley.com\/wp-content\/uploads\/2025\/07\/Chartre-Joueur-Parent.pdf\" class=\"wp-block-file__button wp-element-button\" download aria-describedby=\"wp-block-file--media-ea66ed65-a7ff-4e2b-a996-31d261f756b8\">T\u00e9l\u00e9charger<\/a><\/div>\n\n\n\n<div class=\"wp-block-group is-vertical is-layout-flex wp-container-core-group-is-layout-fe9cc265 wp-block-group-is-layout-flex\">\n<div class=\"wp-block-file\"><a id=\"wp-block-file--media-66e5b00e-5751-40b2-8c4c-4f61d02c9d83\" href=\"https:\/\/oc-cesson-volley.com\/wp-content\/uploads\/2025\/07\/FFvolley_qs_sport_2025-26-majeurs.pdf\">FFvolley_qs_sport_2025-26 majeurs<\/a><a href=\"https:\/\/oc-cesson-volley.com\/wp-content\/uploads\/2025\/07\/FFvolley_qs_sport_2025-26-majeurs.pdf\" class=\"wp-block-file__button wp-element-button\" download aria-describedby=\"wp-block-file--media-66e5b00e-5751-40b2-8c4c-4f61d02c9d83\">T\u00e9l\u00e9charger<\/a><\/div>\n<\/div>\n\n\n\n<div class=\"wp-block-file\"><a id=\"wp-block-file--media-2459d8bd-22be-42d6-8819-50a933d56049\" href=\"https:\/\/oc-cesson-volley.com\/wp-content\/uploads\/2025\/07\/FFvolley_qs_sport_sportifs_mineurs_2025-26.pdf\">FFvolley_qs_sport_sportifs_mineurs_2025-26<\/a><a href=\"https:\/\/oc-cesson-volley.com\/wp-content\/uploads\/2025\/07\/FFvolley_qs_sport_sportifs_mineurs_2025-26.pdf\" class=\"wp-block-file__button wp-element-button\" download aria-describedby=\"wp-block-file--media-2459d8bd-22be-42d6-8819-50a933d56049\">T\u00e9l\u00e9charger<\/a><\/div>\n\n\n\n<div class=\"wp-block-file\"><a id=\"wp-block-file--media-6b8e2a27-e86f-46b6-8a7c-2e45ab4da317\" href=\"https:\/\/oc-cesson-volley.com\/wp-content\/uploads\/2025\/07\/FFvolley_Fiche_Pratique_Controle_Honorabilite.pdf\">FFvolley_Fiche_Pratique_Controle_Honorabilite<\/a><a href=\"https:\/\/oc-cesson-volley.com\/wp-content\/uploads\/2025\/07\/FFvolley_Fiche_Pratique_Controle_Honorabilite.pdf\" class=\"wp-block-file__button wp-element-button\" download aria-describedby=\"wp-block-file--media-6b8e2a27-e86f-46b6-8a7c-2e45ab4da317\">T\u00e9l\u00e9charger<\/a><\/div>\n","protected":false},"excerpt":{"rendered":"<p>Les inscriptions et r\u00e9-inscriptions pour la saison 2025-2026 sont ouvertes ! Comment nous rejoindre ? Pour les joueurs en comp\u00e9tition: inscription au niveau de l&rsquo;entente VBCCV: https:\/\/www.vbccv.com\/inscriptions Pour les joueurs d\u00e9tentes: rendez-vous sur my.ffvolley.org (pour les mineurs, les parents doivent cr\u00e9er un profil et ajouter un enfant). Documents \u00e0 fournir: Note: &#8211; Nous ne prendrons [&hellip;]<\/p>\n","protected":false},"author":2,"featured_media":0,"parent":1022,"menu_order":1,"comment_status":"closed","ping_status":"closed","template":"wp-custom-template-pages","meta":{"footnotes":""},"class_list":["post-487","page","type-page","status-publish","hentry"],"_links":{"self":[{"href":"http:\/\/oc-cesson-volley.com\/index.php?rest_route=\/wp\/v2\/pages\/487","targetHints":{"allow":["GET"]}}],"collection":[{"href":"http:\/\/oc-cesson-volley.com\/index.php?rest_route=\/wp\/v2\/pages"}],"about":[{"href":"http:\/\/oc-cesson-volley.com\/index.php?rest_route=\/wp\/v2\/types\/page"}],"author":[{"embeddable":true,"href":"http:\/\/oc-cesson-volley.com\/index.php?rest_route=\/wp\/v2\/users\/2"}],"replies":[{"embeddable":true,"href":"http:\/\/oc-cesson-volley.com\/index.php?rest_route=%2Fwp%2Fv2%2Fcomments&post=487"}],"version-history":[{"count":139,"href":"http:\/\/oc-cesson-volley.com\/index.php?rest_route=\/wp\/v2\/pages\/487\/revisions"}],"predecessor-version":[{"id":2194,"href":"http:\/\/oc-cesson-volley.com\/index.php?rest_route=\/wp\/v2\/pages\/487\/revisions\/2194"}],"up":[{"embeddable":true,"href":"http:\/\/oc-cesson-volley.com\/index.php?rest_route=\/wp\/v2\/pages\/1022"}],"wp:attachment":[{"href":"http:\/\/oc-cesson-volley.com\/index.php?rest_route=%2Fwp%2Fv2%2Fmedia&parent=487"}],"curies":[{"name":"wp","href":"https:\/\/api.w.org\/{rel}","templated":true}]}}