{"id":14,"date":"2017-11-04T17:08:23","date_gmt":"2017-11-04T16:08:23","guid":{"rendered":"http:\/\/oc-cesson-volley.com\/?page_id=14"},"modified":"2024-08-19T19:06:33","modified_gmt":"2024-08-19T17:06:33","slug":"contact","status":"publish","type":"page","link":"http:\/\/oc-cesson-volley.com\/?page_id=14","title":{"rendered":"Contact"},"content":{"rendered":"\n<p><strong>Renseignements Club<\/strong><br><a href=\"mailto:cessonvolley35@gmail.com\">cessonvolley35@gmail.com<\/a><\/p>\n\n\n\n<hr class=\"wp-block-separator has-alpha-channel-opacity\"\/>\n\n\n\n<p><strong>Comit\u00e9 De direction<\/strong><br><em>Pr\u00e9sidence OC CESSON VB<\/em><br>Rachel BOUTON<\/p>\n\n\n\n<p><em>Finances OC CESSON VB<\/em><br>Agathe JOUAN<\/p>\n\n\n\n<p><em>Secr\u00e9tariat OC CESSON VB<\/em><br>Herv\u00e9 DEGRAND<\/p>\n\n\n\n<p><\/p>\n","protected":false},"excerpt":{"rendered":"<p>Renseignements Clubcessonvolley35@gmail.com Comit\u00e9 De directionPr\u00e9sidence OC CESSON VBRachel BOUTON Finances OC CESSON VBAgathe JOUAN Secr\u00e9tariat OC CESSON VBHerv\u00e9 DEGRAND<\/p>\n","protected":false},"author":1,"featured_media":0,"parent":0,"menu_order":7,"comment_status":"closed","ping_status":"closed","template":"wp-custom-template-pages","meta":{"footnotes":""},"class_list":["post-14","page","type-page","status-publish","hentry"],"_links":{"self":[{"href":"http:\/\/oc-cesson-volley.com\/index.php?rest_route=\/wp\/v2\/pages\/14","targetHints":{"allow":["GET"]}}],"collection":[{"href":"http:\/\/oc-cesson-volley.com\/index.php?rest_route=\/wp\/v2\/pages"}],"about":[{"href":"http:\/\/oc-cesson-volley.com\/index.php?rest_route=\/wp\/v2\/types\/page"}],"author":[{"embeddable":true,"href":"http:\/\/oc-cesson-volley.com\/index.php?rest_route=\/wp\/v2\/users\/1"}],"replies":[{"embeddable":true,"href":"http:\/\/oc-cesson-volley.com\/index.php?rest_route=%2Fwp%2Fv2%2Fcomments&post=14"}],"version-history":[{"count":32,"href":"http:\/\/oc-cesson-volley.com\/index.php?rest_route=\/wp\/v2\/pages\/14\/revisions"}],"predecessor-version":[{"id":2140,"href":"http:\/\/oc-cesson-volley.com\/index.php?rest_route=\/wp\/v2\/pages\/14\/revisions\/2140"}],"wp:attachment":[{"href":"http:\/\/oc-cesson-volley.com\/index.php?rest_route=%2Fwp%2Fv2%2Fmedia&parent=14"}],"curies":[{"name":"wp","href":"https:\/\/api.w.org\/{rel}","templated":true}]}}